est common divisor of 2898 and 458163657.
1449
Calculate the highest common factor of 38042352 and 10699.
823
Calculate the highest common divisor of 9214917 and 699.
699
What is the highest common divisor of 29 and 232673293?
29
Calculate the highest common divisor of 40990 and 18790.
10
What is the greatest common factor of 112254 and 7444770?
2118
What is the highest common factor of 4963 and 3410470?
7
What is the highest common divisor of 18833 and 327287?
509
Calculate the greatest common divisor of 28 and 33443788.
28
Calculate the highest common divisor of 118626 and 79662.
102
Calculate the highest common factor of 8 and 67130176.
8
Calculate the highest common divisor of 450428 and 783.
29
What is the greatest common factor of 425 and 2925479?
17
What is the greatest common factor of 2626 and 14677?
13
What is the highest common factor of 307055151 and 1647?
1647
Calculate the greatest common factor of 59160440 and 8.
8
Calculate the greatest common divisor of 94783 and 7608.
317
Calculate the greatest common divisor of 194074598 and 184.
46
What is the highest common factor of 143 and 3374839?
13
Calculate the greatest common divisor of 40 and 56000176.
8
What is the greatest common divisor of 31692 and 1620548?
76
Calculate the highest common factor of 72 and 23338872.
72
What is the highest common factor of 78 and 3459794?
26
Calculate the greatest common divisor of 227696 and 28000.
112
What is the greatest common divisor of 574 and 4652434?
82
What is the highest common factor of 222 and 11427858?
6
Calculate the greatest common factor of 3945 and 243210.
15
Calculate the greatest common divisor of 24 and 132124736.
8
What is the highest common divisor of 87117 and 35429?
71
What is the greatest common divisor of 256 and 1329808?
16
Calculate the greatest common divisor of 2298 and 796257.
1149
Calculate the greatest common divisor of 350553656 and 8.
8
What is the greatest common factor of 31 and 715356?
31
What is the greatest common factor of 2613337 and 1?
1
Calculate the highest common divisor of 401909344 and 32.
32
What is the highest common factor of 200 and 676825?
25
What is the highest common factor of 400876615 and 1585?
1585
Calculate the greatest common factor of 44 and 47921852.
44
Calculate the highest common divisor of 3972624 and 240.
48
What is the highest common factor of 11 and 66528781?
11
What is the highest common factor of 4114 and 145119293?
2057
What is the greatest common factor of 6695890 and 222?
74
Calculate the highest common divisor of 12687135 and 60.
15
What is the highest common factor of 261984 and 160?
32
Calculate the highest common factor of 2542108 and 212.
4
Calculate the highest common divisor of 16856 and 7154.
98
Calculate the highest common factor of 35079730 and 119.
7
What is the greatest common divisor of 2394321770 and 10?
10
Calculate the highest common divisor of 131093399 and 23.
23
Calculate the greatest common factor of 813167 and 36.
1
What is the greatest common divisor of 780720318 and 126?
126
Calculate the greatest common divisor of 19545343 and 59.
59
What is the highest common factor of 18444528 and 92?
92
Calculate the greatest common factor of 12688 and 2739632.
976
What is the highest common divisor of 299232530 and 1610?
230
What is the greatest common divisor of 11 and 38261333?
11
What is the greatest common divisor of 6202 and 126783942?
886
Calculate the greatest common factor of 312 and 191400.
24
Calculate the highest common factor of 58535610 and 210.
210
Calculate the highest common divisor of 363748 and 21516.
44
What is the highest common divisor of 757050228 and 9848?
4924
Calculate the highest common divisor of 605443630 and 110.
110
Calculate the greatest common divisor of 437 and 3585585.
437
Calculate the greatest common divisor of 7060 and 4563584.
1412
What is the greatest common factor of 294 and 16352?
14
Calculate the highest common factor of 69281336 and 28.
4
Calculate the highest common divisor of 92586038 and 986.
58
Calculate the highest common factor of 342122 and 1848.
22
Calculate the greatest common divisor of 624 and 7694480.
16
Calculate the highest common divisor of 17721 and 69790131.
1611
What is the highest common factor of 46784 and 67031?
17
Calculate the highest common divisor of 7470 and 761715.
45
What is the highest common factor of 147 and 17544499?
49
Calculate the highest common factor of 119 and 27081544.
119
What is the highest common divisor of 4979779 and 49?
7
What is the highest common divisor of 1831918 and 3520?
22
Calculate the greatest common divisor of 16317 and 602553.
147
What is the greatest common factor of 10737 and 3955988?
1193
What is the highest common factor of 137 and 17145276?
137
Calculate the greatest common divisor of 72627318 and 123.
123
Calculate the highest common divisor of 12940165 and 105.
35
Calculate the highest common divisor of 15517 and 1215323.
263
What is the greatest common factor of 245 and 13021960?
35
Calculate the greatest common divisor of 2326995 and 75216.
4701
What is the highest common factor of 4762 and 1274689779?
2381
What is the highest common divisor of 11410 and 855835575?
5705
What is the greatest common factor of 33553 and 10057?
89
What is the greatest common factor of 199689 and 371?
7
What is the highest common divisor of 30245 and 48580045?
1315
Calculate the highest common divisor of 472 and 60401368.
472
Calculate the highest common factor of 175 and 39693325.
175
What is the highest common divisor of 451 and 818845522?
451
What is the greatest common divisor of 56728 and 340587821?
7091
Calculate the highest common factor of 606413933 and 1623.
541
Calculate the highest common divisor of 1560835 and 6331.
487
Calculate the highest common divisor of 888 and 1816648.
8
What is the highest common factor of 34529 and 64897?
73
What is the highest common factor of 1406145 and 129090?
195
Calculate the greatest common divisor of 45374378 and 14.
14
Calculate the greatest common divisor of 1880 and 4601065.
235
Calculate the greatest common divisor of 372696 and 18232.
424
What is the greatest common divisor of 20183 and 37?
1
Calculate the highest common divisor of 19272 and 14746.
146
Calculate the greatest common divisor of 24290 and 12710.
10
Calculate the greatest common divisor of 13849344 and 6.
6
What is the greatest common factor of 31925586 and 836?
418
Calculate the greatest common factor of 185330810 and 40.
10
What is the greatest common factor of 13963919 and 19499?
527
Calculate the greatest common factor of 635584109 and 25556.
6389
What is the highest common divisor of 53252 and 400?
4
What is the highest common factor of 44145 and 156645?
45
What is the greatest common divisor of 3884 and 19571476?
3884
What is the highest common factor of 819 and 2081134692?
819
Calculate the greatest common factor of 8640 and 10357632.
1728
What is the greatest common factor of 87 and 12023197?
29
Calculate the highest common divisor of 41963928 and 1392.
696
What is the greatest common factor of 297742995 and 30?
15
Calculate the highest common divisor of 1547 and 855933.
221
Calculate the highest common divisor of 18200 and 12258428.
364
What is the greatest common divisor of 132 and 79632?
12
Calculate the highest common divisor of 6407298 and 2.
2
What is the highest common divisor of 2511 and 204352?
31
Calculate the greatest common factor of 5 and 491967.
1
What is the highest common factor of 432178 and 17984?
562
What is the greatest common divisor of 500865300 and 1575?
225
What is the highest common divisor of 135014 and 9350?
374
What is the greatest common factor of 32852 and 743814?
86
What is the highest common factor of 403206 and 1573707?
3009
Calculate the highest common divisor of 4310 and 110812255.
2155
What is the greatest common divisor of 13 and 270031736?
13
Calculate the greatest common divisor of 241020 and 148011.
309
What is the greatest common factor of 5157936 and 510969?
2193
What is the highest common factor of 1692580 and 12540?
20
Calculate the highest common factor of 6016 and 53107904.
64
What is the greatest common divisor of 2731264 and 33856?
64
What is the greatest common divisor of 14211 and 13761?
9
What is the gre